)/(-16)). Suppose 2*m + 5*z = b + 30, -4 = -4*z. What is the greatest common divisor of 12 and m?
12
Let q = -66 + 78. Let s be (-1)/((-2)/60)*1. What is the greatest common divisor of s and q?
6
Suppose 3*b - 4 = 65. Calculate the highest common factor of 115 and b.
23
Let a(j) = j - 1. Let s be a(3). Suppose s*h + 4*h - 60 = 0. What is the greatest common factor of h and 30?
10
Let g(m) = 4*m - 7. Let p be g(8). Let q = p - 11. What is the highest common divisor of q and 21?
7
Suppose 54 + 2 = 4*u. Suppose 56 = -40*c + 42*c. Calculate the greatest common divisor of u and c.
14
Suppose y + 5*p - 11 = 0, 6*y - 2*y - p - 128 = 0. Let f = y + -15. Suppose -j + 8 = -f. Calculate the greatest common factor of j and 12.
12
Let f be (-2)/9 - (512/(-36) + 0). What is the greatest common divisor of f and 21?
7
Let h be (8 + -4 - -5)/1. Calculate the greatest common divisor of 36 and h.
9
Let w(n) = -6*n**3 - 3*n**2 - 4*n + 1. Let g be w(-2). Calculate the highest common divisor of 5 and g.
5
Let a be (39/(-12))/(2/(-56)). Let z be (4 - 3)*6 - 3. Let x = z - -10. What is the highest common factor of x and a?
13
Let l be 1 + (0 + 1 - 2). Let t be -4 + 7 + 24 + l. Calculate the greatest common divisor of t and 9.
9
Suppose -3*i + 406 = 5*a, -i = -a + 88 - 10. Let g = -69 - -101. What is the highest common factor of g and a?
16
Let i = 3 - 3. Suppose i = 3*u + u + 8. Let q be u/(-4) - 21/(-6). Calculate the highest common divisor of q and 8.
4
Suppose -j + 2*j = 119. What is the greatest common factor of j and 17?
17
Let q(k) = k**2 - 5*k - 10. Let s be q(7). Suppose -105 = u - s*u. What is the greatest common divisor of u and 5?
5
Let z(g) = g**3 - 10*g**2 + 3*g - 4. Let u be z(10). What is the greatest common divisor of 65 and u?
13
Suppose 10 = i - 2*j, j = -2*i - 4*j - 16. Calculate the greatest common divisor of i and 3.
1
Suppose -5*o + 118 = 4*y, -12 - 68 = -4*o + 4*y. Calculate the highest common divisor of o and 11.
11
Let m(x) = x**2 - 5*x + 4. Let d = -2 - -9. Let c be m(d). Calculate the highest common factor of c and 162.
18
Let p(h) = 7*h**2 - 5*h - 6. Suppose -5*q + 5*n - 14 = 6, -5*q = -3*n + 20. Let w be p(q). What is the highest common divisor of 14 and w?
14
Suppose -11*a + 16*a - 1200 = 0. What is the greatest common factor of a and 30?
30
Suppose 0 = -5*i - 5*n + 100, 0 = -6*i + i + 5*n + 130. Calculate the greatest common divisor of 207 and i.
23
Let p(y) = 2*y**2 - y - 1. Let v be p(2). What is the greatest common factor of 2 and v?
1
Let c be ((-2)/4)/(3/(-36)). Let a be 4/c*(-33)/(-2). What is the highest common factor of a and 77?
11
Let v = -122 + 126. Calculate the greatest common factor of v and 10.
2
Let q be ((-4)/(-5))/((-2)/(-120)). Suppose p - q = 7. What is the highest common factor of p and 11?
11
Let t be 1/((-54)/55 - -1). Suppose 2*h = -3*a + 2*a + 19, 0 = -2*h + 5*a + 25. Let b = 12 + h. What is the greatest common divisor of t and b?
11
Let q be (-4)/4 - (0 + -6). Suppose -4*x + 8 = -0*x. Calculate the highest common factor of x and q.
1
Let v = 26 - 8. Let n be (-1 + v)*(2 + 5). Calculate the greatest common divisor of n and 17.
17
Let d = 500 + -291. Suppose 2*t - 111 = 3*h, -2*h - 239 = -4*t - 37. Let n = t - 29. Calculate the greatest common factor of n and d.
19
Let p = 52 - 48. What is the highest common factor of p and 8?
4
Let s be (68/16)/(1/4). Let a = 55 + s. What is the highest common divisor of 8 and a?
8
Suppose -46 = -2*p - 18. What is the greatest common factor of 112 and p?
14
Suppose 2*m = 2*l - 84, -l + 5*m + 20 + 30 = 0. Suppose 2*c - 2*f - 2*f - 16 = 0, -4*c + 2*f = -38. Calculate the highest common factor of l and c.
10
Suppose -4*z = -2*f + 4*f - 114, 2*z = -3*f + 55. Calculate the greatest common divisor of 290 and z.
29
Let a(c) = 106*c**2 - c. Let n be a(1). What is the highest common divisor of n and 15?
15
Let p(j) = -2*j**2 + 17*j**3 + 2*j**2 + 2*j**2 - 2*j + 3 + j**2. Let g be p(2). Suppose 51 = -b + g. What is the highest common factor of b and 12?
12
Let y = 10 - -33. Calculate the highest common factor of y and 129.
43
Let n be -3 - -6 - (-2)/2. Let o = 7 + -1. Calculate the greatest common factor of o and n.
2
Suppose -2*r = -3*z - 4, 6*z - 8 = 2*z. Let s be (-1)/(0 - (-1)/(-1)). Calculate the highest common factor of r and s.
1
Let x = 26 + -14. Calculate the greatest common factor of 18 and x.
6
Let y(u) = 57*u**2 + 4*u - 1. Let x be y(1). Let m = -28 - -68. Calculate the greatest common factor of x and m.
20
Let k(q) = q - 5*q + 5*q + 1. Let o be k(0). Calculate the greatest common factor of o and 4.
1
Let z = -2 + 5. Let b be (z - 1) + 0 + 68. Calculate the highest common factor of 14 and b.
14
Let h(w) be the second derivative of -13*w**3/6 - 3*w**2/2 - 2*w. Let r be h(-3). Calculate the greatest common divisor of 24 and r.
12
Let u(t) = t**3 - 10*t**2 + t - 2. Let i be u(10). Let s be (6 + i)*(-18)/(-4). What is the greatest common factor of 9 and s?
9
Let j = 9 - 5. Suppose 4*a = -2*w + 38, 2*w - w - j*a = 7. Calculate the highest common factor of 10 and w.
5
Let v be (-1 + -2)/(2/4). Let j = v - -21. What is the highest common factor of 3 and j?
3
Suppose -b + 26 = -0. What is the greatest common divisor of b and 65?
13
Suppose -78 = -x + 23. Suppose 2*m - x = -h, -h + 39 = 5*m - 206. Calculate the highest common factor of 32 and m.
16
Let j = -66 + 165. Let g(k) = k**2 + 9*k + 11. Suppose -5 = -5*v + 5, 0 = -d - 5*v + 1. Let q be g(d). Calculate the greatest common factor of j and q.
11
Suppose -v - 1 - 3 = -2*y, -2*v = -5*y + 11. Let p be (-12 - (-1 + v))/(-1). Calculate the greatest common factor of p and 91.
13
Suppose s - 444 = -4*r, 5*s + 163 + 193 = 3*r. What is the highest common divisor of r and 14?
14
Suppose 3 = -3*t + 33. Let m = 5 + -1. Suppose m*p + 462 = 5*c, 31 = -2*c - 2*p + 205. What is the greatest common factor of t and c?
10
Let i = -5 + 8. Suppose 0 = 2*d - i*d - 4. Let k(c) = -7*c. Let q be k(d). What is the greatest common divisor of 7 and q?
7
Let p = -15 + 16. Let q(w) = 29*w**2 - 4*w + 3. Let g be q(p). Calculate the highest common divisor of 4 and g.
4
Let j = -9 + 9. Let n = -3 - -2. Let l = j - n. What is the highest common divisor of 2 and l?
1
Let j be (-4)/(-6) + (7 - (-14)/(-3)). What is the highest common divisor of j and 24?
3
Let h(y) = 10*y**2. Let t be h(-1). Suppose 0 = -t*n + 5*n + 5. Calculate the greatest common factor of 1 and n.
1
Let a = -22 + 43. Let m be ((-6)/(-10) - 1)*-15. Suppose 2*g - 336 = 5*y, -3*g - 2*y + 504 = -m*y. What is the highest common factor of a and g?
21
Let k = 4 + -3. Let t be k/(-4) + 44/(-16). Let g be 6/t + (-22)/(-1). Calculate the highest common factor of 220 and g.
20
Let d be (-6 + 6)/(1*2). Suppose l + 1 = 4*z - d*z, -5*z = l - 35. What is the greatest common divisor of 6 and l?
3
Let o = 2 + 1. Suppose -4*w = -o*s + 52, 80 = 4*s - 3*w + 6. Suppose -b + s + 16 = 0. What is the highest common divisor of 4 and b?
4
Suppose -5*k - 5*m = -40, -5*k - 6*m = -8*m - 12. Calculate the greatest common factor of k and 2.
2
Suppose -4*j + 161 = d, 3*j - 4*j - 5*d + 26 = 0. Suppose -2*y + 53 = -j. Let h = 128 - y. Calculate the greatest common divisor of 9 and h.
9
Let p be (15/(-4))/(1/4). Let c = p - -23. Suppose 5*o - 4*z - 5 = -0*o, o - 3*z = 1. What is the highest common divisor of o and c?
1
Suppose -4*j - 3*r + 180 = 0, j - 3*j + 4*r + 68 = 0. Calculate the greatest common divisor of 63 and j.
21
Let i(r) = -r**2 - 12*r - 11. Let c be i(-8). What is the greatest common divisor of 21 and c?
21
Suppose 0 = -5*c + 4*t - 21, 5*c - 3*t = -6*t + 7. Let f be (11/3)/(c/(-18)). Calculate the greatest common factor of f and 44.
22
Suppose 23 = 6*o - 2*o - 5*j, -3*o - j + 3 = 0. Suppose -3*v + 20 = -5*g, v = -o*g + 3*g + 2. Let t = -3 - g. Calculate the highest common divisor of t and 8.
4
Suppose 0 = 6*i - 93 - 21. What is the greatest common factor of i and 57?
19
Suppose 0 = 5*r - 4 - 26. Suppose -g = -r*g + 50. Calculate the highest common divisor of 25 and g.
5
Suppose 9 = 5*c - 1. Suppose d = -c*d. Suppose 0 = -d*k + k - 9. Calculate the highest common divisor of 81 and k.
9
Let q(t) = -5*t - 10. Let x be q(-4). Calculate the highest common factor of 170 and x.
10
Suppose 0 = 2*r + 5*d - 18, 2*d - 10 = -